Dec 02 02:17:53.535 INFO testing Warry/gluon-html against master#8940af3cea4a9a9deabcaf843b2f8cad9a83fc61 for beta-1.31-5
Dec 02 02:17:53.536 INFO running `"docker" "create" "-v" "/mnt/big/crater/work/local/target-dirs/beta-1.31-5/worker-3/master#8940af3cea4a9a9deabcaf843b2f8cad9a83fc61:/target:rw,Z" "-v" "/mnt/big/crater/work/local/test-source/worker-3/beta-1.31-5/master#8940af3cea4a9a9deabcaf843b2f8cad9a83fc61:/source:ro,Z" "-v" "/mnt/big/crater/work/local/cargo-home:/cargo-home:ro,Z" "-v" "/mnt/big/crater/work/local/rustup-home:/rustup-home:ro,Z" "-e" "USER_ID=1000" "-e" "SOURCE_DIR=/source" "-e" "USER_ID=1000" "-e" "CMD=cargo +8940af3cea4a9a9deabcaf843b2f8cad9a83fc61-alt build --frozen" "-e" "CARGO_TARGET_DIR=/target" "-e" "CARGO_INCREMENTAL=0" "-e" "RUST_BACKTRACE=full" "-e" "RUSTFLAGS=--cap-lints=warn" "-e" "CARGO_HOME=/cargo-home" "-e" "RUSTUP_HOME=/rustup-home" "-m" "1536M" "--network" "none" "crater"`
Dec 02 02:17:54.159 INFO [stdout] 9677a4ea2cc4d6d168466f464c336f749bfc272bc384f8bfd7ead2b86390bced
Dec 02 02:17:54.171 INFO running `"docker" "start" "-a" "9677a4ea2cc4d6d168466f464c336f749bfc272bc384f8bfd7ead2b86390bced"`
Dec 02 02:17:56.006 INFO [stderr] usermod: no changes
Dec 02 02:17:56.493 INFO [stderr]    Compiling serde v1.0.66
Dec 02 02:17:56.529 INFO [stderr]    Compiling typed-arena v1.4.0
Dec 02 02:17:56.531 INFO [stderr]    Compiling collect-mac v0.1.0
Dec 02 02:17:56.533 INFO [stderr]    Compiling anymap v0.12.1
Dec 02 02:17:56.534 INFO [stderr]    Compiling rpds v0.5.0
Dec 02 02:17:56.536 INFO [stderr]    Compiling httparse v1.3.1
Dec 02 02:17:56.537 INFO [stderr]    Compiling gluon_vm v0.8.0
Dec 02 02:17:56.538 INFO [stderr]    Compiling union-find v0.3.2
Dec 02 02:17:59.687 INFO [stderr]    Compiling gluon v0.8.0
Dec 02 02:18:00.711 INFO [stderr]    Compiling frunk_core v0.2.0
Dec 02 02:18:00.711 INFO [stderr]    Compiling petgraph v0.4.12
Dec 02 02:18:01.026 INFO [stderr]    Compiling pretty v0.3.3
Dec 02 02:18:03.883 INFO [stderr]    Compiling serde_derive_state_internals v0.4.3
Dec 02 02:18:06.852 INFO [stderr]    Compiling string_cache v0.7.3
Dec 02 02:18:06.854 INFO [stderr]    Compiling env_logger v0.5.10
Dec 02 02:18:09.493 INFO [stderr]    Compiling tokio-proto v0.1.1
Dec 02 02:18:14.659 INFO [stderr] error[E0034]: multiple applicable items in scope
Dec 02 02:18:14.659 INFO [stderr]     --> /cargo-home/registry/src/github.com-1ecc6299db9ec823/petgraph-0.4.12/src/graph_impl/stable_graph/mod.rs:1171:19
Dec 02 02:18:14.659 INFO [stderr]      |
Dec 02 02:18:14.659 INFO [stderr] 1171 |         self.iter.find_map(|(i, node)| {
Dec 02 02:18:14.659 INFO [stderr]      |                   ^^^^^^^^ multiple `find_map` found
Dec 02 02:18:14.659 INFO [stderr]      |
Dec 02 02:18:14.660 INFO [stderr] note: candidate #1 is defined in an impl of the trait `iter_utils::IterUtilsExt` for the type `_`
Dec 02 02:18:14.660 INFO [stderr]     --> /cargo-home/registry/src/github.com-1ecc6299db9ec823/petgraph-0.4.12/src/iter_utils.rs:5:5
Dec 02 02:18:14.660 INFO [stderr]      |
Dec 02 02:18:14.660 INFO [stderr] 5    | /     fn find_map<F, R>(&mut self, mut f: F) -> Option<R>
Dec 02 02:18:14.660 INFO [stderr] 6    | |         where F: FnMut(Self::Item) -> Option<R>
Dec 02 02:18:14.660 INFO [stderr] 7    | |     {
Dec 02 02:18:14.660 INFO [stderr] 8    | |         while let Some(elt) = self.next() {
Dec 02 02:18:14.660 INFO [stderr] ...    |
Dec 02 02:18:14.660 INFO [stderr] 13   | |         None
Dec 02 02:18:14.660 INFO [stderr] 14   | |     }
Dec 02 02:18:14.660 INFO [stderr]      | |_____^
Dec 02 02:18:14.660 INFO [stderr]      = note: candidate #2 is defined in an impl of the trait `std::iter::Iterator` for the type `std::iter::Enumerate<_>`
Dec 02 02:18:14.660 INFO [stderr] 
Dec 02 02:18:14.743 INFO [stderr] error[E0034]: multiple applicable items in scope
Dec 02 02:18:14.743 INFO [stderr]     --> /cargo-home/registry/src/github.com-1ecc6299db9ec823/petgraph-0.4.12/src/graph_impl/stable_graph/mod.rs:1363:19
Dec 02 02:18:14.743 INFO [stderr]      |
Dec 02 02:18:14.743 INFO [stderr] 1363 |         self.iter.find_map(|(i, edge)|
Dec 02 02:18:14.743 INFO [stderr]      |                   ^^^^^^^^ multiple `find_map` found
Dec 02 02:18:14.743 INFO [stderr]      |
Dec 02 02:18:14.743 INFO [stderr] note: candidate #1 is defined in an impl of the trait `iter_utils::IterUtilsExt` for the type `_`
Dec 02 02:18:14.743 INFO [stderr]     --> /cargo-home/registry/src/github.com-1ecc6299db9ec823/petgraph-0.4.12/src/iter_utils.rs:5:5
Dec 02 02:18:14.743 INFO [stderr]      |
Dec 02 02:18:14.743 INFO [stderr] 5    | /     fn find_map<F, R>(&mut self, mut f: F) -> Option<R>
Dec 02 02:18:14.743 INFO [stderr] 6    | |         where F: FnMut(Self::Item) -> Option<R>
Dec 02 02:18:14.743 INFO [stderr] 7    | |     {
Dec 02 02:18:14.743 INFO [stderr] 8    | |         while let Some(elt) = self.next() {
Dec 02 02:18:14.743 INFO [stderr] ...    |
Dec 02 02:18:14.743 INFO [stderr] 13   | |         None
Dec 02 02:18:14.743 INFO [stderr] 14   | |     }
Dec 02 02:18:14.743 INFO [stderr]      | |_____^
Dec 02 02:18:14.743 INFO [stderr]      = note: candidate #2 is defined in an impl of the trait `std::iter::Iterator` for the type `std::iter::Enumerate<_>`
Dec 02 02:18:14.743 INFO [stderr] 
Dec 02 02:18:14.787 INFO [stderr] error[E0034]: multiple applicable items in scope
Dec 02 02:18:14.787 INFO [stderr]     --> /cargo-home/registry/src/github.com-1ecc6299db9ec823/petgraph-0.4.12/src/graph_impl/stable_graph/mod.rs:1527:19
Dec 02 02:18:14.787 INFO [stderr]      |
Dec 02 02:18:14.787 INFO [stderr] 1527 |         self.iter.find_map(|(i, node)| {
Dec 02 02:18:14.787 INFO [stderr]      |                   ^^^^^^^^ multiple `find_map` found
Dec 02 02:18:14.795 INFO [stderr]      |
Dec 02 02:18:14.795 INFO [stderr] note: candidate #1 is defined in an impl of the trait `iter_utils::IterUtilsExt` for the type `_`
Dec 02 02:18:14.795 INFO [stderr]     --> /cargo-home/registry/src/github.com-1ecc6299db9ec823/petgraph-0.4.12/src/iter_utils.rs:5:5
Dec 02 02:18:14.795 INFO [stderr]      |
Dec 02 02:18:14.795 INFO [stderr] 5    | /     fn find_map<F, R>(&mut self, mut f: F) -> Option<R>
Dec 02 02:18:14.795 INFO [stderr] 6    | |         where F: FnMut(Self::Item) -> Option<R>
Dec 02 02:18:14.795 INFO [stderr] 7    | |     {
Dec 02 02:18:14.795 INFO [stderr] 8    | |         while let Some(elt) = self.next() {
Dec 02 02:18:14.795 INFO [stderr] ...    |
Dec 02 02:18:14.795 INFO [stderr] 13   | |         None
Dec 02 02:18:14.795 INFO [stderr] 14   | |     }
Dec 02 02:18:14.795 INFO [stderr]      | |_____^
Dec 02 02:18:14.795 INFO [stderr]      = note: candidate #2 is defined in an impl of the trait `std::iter::Iterator` for the type `std::iter::Enumerate<_>`
Dec 02 02:18:14.795 INFO [stderr] 
Dec 02 02:18:14.807 INFO [stderr] error[E0034]: multiple applicable items in scope
Dec 02 02:18:14.807 INFO [stderr]     --> /cargo-home/registry/src/github.com-1ecc6299db9ec823/petgraph-0.4.12/src/graph_impl/stable_graph/mod.rs:1573:19
Dec 02 02:18:14.807 INFO [stderr]      |
Dec 02 02:18:14.807 INFO [stderr] 1573 |         self.iter.find_map(|(i, node)| {
Dec 02 02:18:14.807 INFO [stderr]      |                   ^^^^^^^^ multiple `find_map` found
Dec 02 02:18:14.815 INFO [stderr]      |
Dec 02 02:18:14.815 INFO [stderr] note: candidate #1 is defined in an impl of the trait `iter_utils::IterUtilsExt` for the type `_`
Dec 02 02:18:14.815 INFO [stderr]     --> /cargo-home/registry/src/github.com-1ecc6299db9ec823/petgraph-0.4.12/src/iter_utils.rs:5:5
Dec 02 02:18:14.815 INFO [stderr]      |
Dec 02 02:18:14.815 INFO [stderr] 5    | /     fn find_map<F, R>(&mut self, mut f: F) -> Option<R>
Dec 02 02:18:14.815 INFO [stderr] 6    | |         where F: FnMut(Self::Item) -> Option<R>
Dec 02 02:18:14.815 INFO [stderr] 7    | |     {
Dec 02 02:18:14.815 INFO [stderr] 8    | |         while let Some(elt) = self.next() {
Dec 02 02:18:14.815 INFO [stderr] ...    |
Dec 02 02:18:14.815 INFO [stderr] 13   | |         None
Dec 02 02:18:14.815 INFO [stderr] 14   | |     }
Dec 02 02:18:14.815 INFO [stderr]      | |_____^
Dec 02 02:18:14.815 INFO [stderr]      = note: candidate #2 is defined in an impl of the trait `std::iter::Iterator` for the type `std::iter::Enumerate<_>`
Dec 02 02:18:14.815 INFO [stderr] 
Dec 02 02:18:16.163 INFO [stderr] error: aborting due to 4 previous errors
Dec 02 02:18:16.163 INFO [stderr] 
Dec 02 02:18:16.163 INFO [stderr] For more information about this error, try `rustc --explain E0034`.
Dec 02 02:18:16.179 INFO [stderr] error: Could not compile `petgraph`.
Dec 02 02:18:16.179 INFO [stderr] warning: build failed, waiting for other jobs to finish...
Dec 02 02:18:37.340 INFO [stderr] error: build failed
Dec 02 02:18:37.347 INFO [stderr] su: No module specific data is present
Dec 02 02:18:38.109 INFO running `"docker" "inspect" "9677a4ea2cc4d6d168466f464c336f749bfc272bc384f8bfd7ead2b86390bced"`
Dec 02 02:18:38.349 INFO running `"docker" "rm" "-f" "9677a4ea2cc4d6d168466f464c336f749bfc272bc384f8bfd7ead2b86390bced"`
Dec 02 02:18:38.583 INFO [stdout] 9677a4ea2cc4d6d168466f464c336f749bfc272bc384f8bfd7ead2b86390bced
